 What is the units digit of s?
2
Let n be (3 - -3)*((-25)/(-10) - 2). Suppose -5*k + 5*g + 1755 = 4*g, n*k - 4*g - 1070 = 0. What is the tens digit of k?
5
Suppose -191*p + 203*p - 6031 = 32513. What is the tens digit of p?
1
Let k = -277 + 296. Let c(x) = 2*x**2 - 5*x + 57. What is the hundreds digit of c(k)?
6
Let s = -24307 + 44322. What is the hundreds digit of s?
0
Suppose -c = 4*t - 506, c - 511 = 4*t - 3*t. What is the tens digit of ((-4)/6)/((-4)/c)?
8
Let y(v) = -v**2 + 17*v - 16. Let w be (24/(-20))/(15/(-200)). Let s be y(w). Suppose s = -0*c - 4*c + 4. What is the units digit of c?
1
Let l(z) = -1300*z + 2324. What is the tens digit of l(-38)?
2
Let h = 127 - 31. Let a be 536/6 - (0 + 1)*1/3. Let b = h - a. What is the units digit of b?
7
Let y be ((-7400)/(-15))/5 + (-4)/6. Let u = -166 - y. Let x = u + 418. What is the units digit of x?
4
Suppose k - 5*h - 17 = 0, 36 = -3*k - 3*h - 3. What is the tens digit of (-1 - k)/(-14)*-254?
2
Suppose -38*w = -43*w + 1935. Let h = 4 + w. What is the tens digit of h?
9
What is the tens digit of (((-27547)/39)/13)/(2/(-834))?
5
What is the tens digit of (1 - -1)*1/(38/196517)?
4
Let r(a) be the third derivative of -145*a**4/24 + 13*a**3/2 - 4*a**2 - 1. What is the tens digit of r(-5)?
6
Let a(i) = 13*i**3 + 2*i**2 + i. Let l be a(-1). What is the hundreds digit of 0 + 6/l*2*-985?
9
Suppose -678*h + 271216 = -667*h. What is the ten thousands digit of h?
2
Let c = 123642 - 44615. What is the hundreds digit of c?
0
Let v(b) = 324*b**3 + 9*b**2 + 11*b + 5. Let z(d) = -108*d**3 - 3*d**2 - 4*d - 2. Let r(k) = -3*v(k) - 8*z(k). What is the units digit of r(-2)?
5
Let t = -23 - -27. Suppose 1919 = 5*v + 3*o - 144, -5*v = -t*o - 2056. Let y = v - 182. What is the units digit of y?
0
Suppose -7*m + 10*m + 1041 = 0. Let v = 524 + m. Suppose -7*f + v + 390 = 0. What is the tens digit of f?
8
Let u(m) = -m**2 + m. Let y(k) be the third derivative of k**5/2 - 11*k**4/24 + 7*k**3/6 - 32*k**2. Let j(c) = 6*u(c) + y(c). What is the units digit of j(2)?
3
Suppose 4*y = -3*h + 26406, y - 2*h = -6*h + 6582. What is the thousands digit of y?
6
Let g be ((-21)/63)/(2/(-30288)) + 6. Suppose 4*m = -2*i + 3100, -5*m - 1179 + g = 2*i. What is the units digit of m?
5
Let y be (-1 + 10)/(4/(12/(-3))). Let l(z) = z**3 + 19*z**2 + 55. What is the tens digit of l(y)?
6
Let w(k) = 538*k**2 + 174*k + 352. What is the units digit of w(-2)?
6
Suppose -14*a - 34605 = 34*a - 749229. What is the units digit of a?
8
What is the hundreds digit of (-2644660)/(-135) + 88/(-216) + (-4)/(-12)?
5
What is the hundreds digit of 51628 + -24 + 30 + 19?
6
Let a be (1/3)/((-3)/801). Let y(h) = 9*h + 9. Let r be y(-12). Let x = a - r. What is the tens digit of x?
1
Let j(q) = -4*q + 532. What is the tens digit of j(-103)?
4
What is the thousands digit of (56/(-4) - -3937)*1?
3
Let u = -49 + 55. Suppose 3*n + 1479 = 3*o, u*n - 5*n = 5*o - 2477. What is the tens digit of o?
9
Suppose -61*w - 21*w + 492738 = 0. What is the tens digit of w?
0
Suppose 0 = -3*w - 3*j - 6, -5*w - 4*j + 3*j - 22 = 0. Let x be w/(-5)*1*(-922)/(-2). Suppose 3*h = 241 + x. What is the tens digit of h?
3
Let a(b) = 21*b + 99. Let r(m) = 4*m + 20. Let i(w) = w**3 - 8*w**2 + 11. Let l be i(8). Let x(o) = l*r(o) - 2*a(o). What is the units digit of x(20)?
2
What is the tens digit of 63/210 + (-85387)/(-10)?
3
Suppose 5 = 4*y - 3*y. Suppose 4*n = 4*s + 10 + 2, -y*s - 3 = -n. Suppose -3*b = -8*b + j + 820, s = 3*b - 2*j - 492. What is the tens digit of b?
6
Let q(t) = 15*t - 38. Suppose 2*f = 4*g + 32, 4*f - 56 = -3*g - 3. Suppose 17*b - 21 = f*b. What is the tens digit of q(b)?
6
Suppose 0 = 5*a + 2*g - 404, 0*a + 331 = 4*a - g. What is the tens digit of a/1 - ((1 - 1) + 2)?
8
Let g be 6/(-9)*3 - 74. Let j = 173 + g. What is the tens digit of j?
9
Let b(i) = -11 + 24 + 48*i + 19. Let c be b(7). Let j = c - 226. What is the units digit of j?
2
Suppose -658 - 161 = -7*q. Let n = 13 - q. Let z = -11 - n. What is the tens digit of z?
9
Suppose 0 = -2*i - 5*q + 72899, -7*i + 2*q + 182320 = -2*i. What is the tens digit of i?
6
Suppose -21*b = -3812 - 17268 - 147655. What is the thousands digit of b?
8
Suppose 0 = -4*i + 4*u + 28, 0 = -5*i + 3*i + 3*u + 16. Suppose 3*z - 180 = 5*f, -i*z - f = 3*f - 337. What is the units digit of z?
5
What is the units digit of 304384/38 - -9*52/(-4446)?
0
Let i(f) be the first derivative of 22*f**3/3 - 15*f**2/2 - 29*f + 60. What is the units digit of i(-5)?
6
Suppose -30*p = 31 - 151. Let y(g) = 19*g**3 + 6*g**2 - 9*g + 6. What is the thousands digit of y(p)?
1
Let u = 162 + -160. Suppose 933 = -u*j + 2899. What is the hundreds digit of j?
9
Let x = -172 + 221. Let m(t) = t**2 - 4*t + 3. Let p be m(4). Suppose 2*o - 5 = -p*o, -4*h - 5*o = -x. What is the units digit of h?
1
Let t(w) be the first derivative of 4*w**3 + 5*w**2/2 + 11*w - 150. What is the tens digit of t(8)?
1
Suppose v = -2*p + 46 + 119, 0 = 5*p + 25. What is the hundreds digit of (v - -1) + -1 + 1?
1
Let y = -25826 - -47868. What is the thousands digit of y?
2
What is the units digit of (-9)/243 - (-4967315)/459?
2
Suppose 123*o - 114204 = 119*o. Suppose 0 = 18*q - o + 3405. What is the hundreds digit of q?
3
Let y = 146047 - 80157. What is the tens digit of y?
9
Suppose -2*d = -30*n + 28*n - 2114, 1049 = d - 3*n. What is the units digit of d?
1
Suppose -239*j + 234*j + 56285 = 0. What is the ten thousands digit of j?
1
Suppose -18*w + 30 = -13*w. Let i = w + -3. What is the tens digit of 8/i*(-957)/(-44)?
5
Let f(i) = -4*i**3 - 10 - 4 - 7*i + 3*i - 5*i. Let d be f(-6). Suppose -9*g = -122 - d. What is the units digit of g?
4
Let v = 7656 + 1184. What is the thousands digit of v?
8
Suppose g = -4*v - 1, 5*g + 2*v = -0*g + 13. Let s(w) = -g*w**3 + 7*w - 10*w - 8 + 0*w**2 - 2*w**2 + 0*w**2. What is the tens digit of s(-4)?
6
Let g(a) = 92*a - 24. Let t be g(-6). Let x be (-3)/(6 + -3)*t. Suppose 455 = 4*n + 5*w, 6*n - n = w + x. What is the units digit of n?
5
Let j(u) = -u**3 + 11*u**2 + 16*u - 43. Suppose -10*x = -86 - 14. What is the hundreds digit of j(x)?
2
Suppose 0 = -s - 5*x - 14, -5*s - 39 = -x + 5. What is the hundreds digit of 3*15/s - -262?
2
Suppose -69*q + 83*q - 39368 = 0. What is the hundreds digit of q?
8
Let o(q) = -2*q**2 - 52*q - 48. Let n be o(-25). Suppose -4*d - 6*x + 536 = -n*x, d + 4*x = 137. What is the units digit of d?
3
Let d(w) = 9*w**2 + 2*w + 1. Let g be d(-3). Suppose c + g = -f, 0 = -4*f - c - 101 - 212. Let n = 148 + f. What is the tens digit of n?
6
Let n(g) = -g**2 + 13*g - 4. Let y be n(11). Let q(p) = p**2 - 17*p - 7. Let s be q(y). Let a(x) = 5*x + 1. What is the tens digit of a(s)?
5
What is the thousands digit of (-23170)/(-4) + 1/2?
5
Suppose -32*r + 20 = -28*r. What is the units digit of (6 + (-21 - 4)/r)*40?
0
What is the units digit of (-2574)/(-468) + (-283)/(-2)?
7
Suppose -o - 4*u - 6 = 0, 5*o = 4*o + 2*u + 6. Suppose -988 = -o*v + 5*q - 282, -4*q - 359 = -v. What is the tens digit of v?
4
Let a(h) = 35*h**2 + 36*h + 10. Let p = 385 - 379. What is the hundreds digit of a(p)?
4
What is the units digit of -2 + (-12)/(-7) + 250002/(-532)*-24?
8
Let b(u) be the third derivative of u**6/120 - u**5/6 + 5*u**4/12 - 11*u**3/6 - 34*u**2. Let z be b(9). What is the units digit of (-35)/z + (-4)/8?
7
Let z = 40355 - 9562. What is the units digit of z?
3
Let i(u) = 2*u**2 - 8*u - 21. Let m be (-4)/6 + 96/36 - -72. Let f be (m/(-3))/(-2) + (-1)/3. What is the tens digit of i(f)?
7
Let k = -3522 + 4299. What is the units digit of k?
7
What is the units digit of -5 - ((-2)/(-5))/(1/(-31675))?
5
Suppose -2*s + 8 - 2 = 0. Suppose s*m + 15 = 12. What is the units digit of 0 + 11 - (-3 + m + 4)?
1
Let k = -28793 - -87008. What is the ten thousands digit of k?
5
Suppose 5*f = -20, -2*m - 4*f + 16 = -m. Suppose m*v = 28*v + 488. Suppose -t + 0*t = -v. What is the hundreds digit of t?
1
Suppose 6081 - 114241 = -4*w. Suppose 33*q - w = q. What is the hundreds digit of q?
8
Suppose -56388 - 30732 = 8*m. What is the tens digit of (m/270)/((-1)/36)?
5
Let f = 2098 - 242. What is the tens digit of f?
5
Let m(h) = -3*h**2 - 9*h + 15. Let f(d) = -d**2 + d - 1. Let v(s) = 4*f(s) - m(s). Let l be v(11). Suppose 6*k = l*k + 105. What is the units digit of k?
5
L